of 235 and p?
47
Suppose 4*j = 601 + 215. Suppose 2*b = j + 138. Calculate the greatest common divisor of 19 and b.
19
Let m(n) be the third derivative of -n**5/60 - 2*n**4/3 - 7*n**3 - 2*n**2 + 37*n. Let o be m(-9). Calculate the highest common factor of o and 147.
21
Suppose 4*o + 2 = 122. Let i = 2711 - 2636. Calculate the greatest common divisor of o and i.
15
Let q be 0 + 0 + (-270)/(-9). Let g = q + -28. Let x be (1 + 1)*35/g. Calculate the highest common divisor of x and 5.
5
Suppose -26*c + 54725 = -238347. What is the highest common divisor of 8 and c?
8
Suppose 182*y - 80 = 178*y. Let j(c) = 24*c + 978. Let m be j(-37). Calculate the highest common factor of y and m.
10
Let w = -6259 - -6423. Calculate the highest common factor of w and 36.
4
Suppose 0 = 3*a - 4*p - 179, 13 = -2*a + p + 139. Let m = a - 81. Let k be 1/2*(-10 - m). What is the greatest common factor of k and 15?
3
Let i = 0 + 5. Suppose 0 = i*m - 2*m - 51. Suppose -29*a - 19074 = -95*a. What is the highest common factor of a and m?
17
Suppose 3*b = 4*b - 5. Let t be (1 - (b - 6)) + (-102)/(-1). Calculate the highest common divisor of 78 and t.
26
Suppose 5*u - 1700 = -g - 3*g, 0 = g. Suppose n - 216 = 3*o - 31, 0 = 2*n + 4*o - u. Calculate the greatest common divisor of 66 and n.
22
Let x be 8/10 + (-416)/(-80). Let m(h) = h**2 + 4*h - 50. Let c be m(x). Suppose -3*v + 44 = -c. What is the greatest common divisor of 12 and v?
6
Let u be (44 + (-3 - 2))*(0 + 1). What is the highest common factor of 429 and u?
39
Suppose -818 = -61*f + 6441. Calculate the highest common factor of f and 867.
17
Suppose 0 = 2*i + 3*o - 28810, 15*i - 17*i = o - 28806. Calculate the highest common divisor of i and 76.
38
Suppose -12*o = 124 - 1384. Calculate the greatest common factor of o and 27.
3
Suppose 2*k = -5*a + 310, 0 = 1645*a - 1643*a + 2*k - 118. Calculate the highest common factor of 392 and a.
8
Let w(z) = -963*z - 4540. Let i be w(-5). Calculate the greatest common divisor of 500 and i.
25
Suppose -5*l = -0*l + 360. Let b = -57 - l. Let f = 19 - b. Calculate the highest common divisor of f and 12.
4
Let u be -3*(-13)/(-2)*(1 + 1). Let k = -13 - u. Let g be -3*(-3 + k/(-6)). Calculate the greatest common factor of 88 and g.
22
Suppose -7*x + 10*x = -5*y + 25, 4*x = y + 41. What is the highest common divisor of x and 1390?
10
Suppose 5*w + 4*o - 28 = 0, 5*w + 2*o + 10 = 44. Suppose -15*g + 77 = -w*g. Calculate the highest common factor of 605 and g.
11
Let j be ((-63767)/(-242))/(2/4) + 3. What is the greatest common factor of j and 80?
10
Let j = 258 + -446. Let m = 194 + j. What is the highest common factor of 3 and m?
3
Let q = -759 - -769. Calculate the highest common factor of q and 4800.
10
Let d be -13 - (11 + 24)*-14. Calculate the highest common factor of 53 and d.
53
Let v = 131 + -192. Let z = -39 - v. What is the highest common factor of 242 and z?
22
Let q = -165 - -207. Suppose 65*t + q = 68*t. What is the highest common factor of 4 and t?
2
Suppose 0 = 2*q + r - 21, 4*r + 3 = 2*q - 3. Let l(j) = j**3 + 9*j**2 - 6. Let x be l(-9). Let s be 2*(-2)/x*q. What is the greatest common factor of s and 15?
3
Let f = 2951 + -691. What is the highest common divisor of 60 and f?
20
Let c be (-6)/16 + 275/200. Let u(b) = 20*b**3 + b**2 + b - 2. Let m be u(c). Calculate the greatest common divisor of 5 and m.
5
Let o be 0 + 10/12 + (-14577)/18. Let b be (7 - 136/20) + o/(-5). Calculate the greatest common factor of b and 12.
6
Suppose 18 - 20 = -2*v. Let n be (-2)/10 - (-78)/15. Suppose -w + v + 5 = -4*o, 3*w - 18 = -n*o. What is the highest common factor of 2 and w?
2
Suppose 2*y - 12 = -8. Let q be y/(2/(-1))*-1. Calculate the highest common divisor of 14 and q.
1
Let r(v) = 28*v - 23. Let h(a) = -a**2 - 8*a - 8. Let l be h(-5). Suppose -l*c + 16 = c. Let f be r(c). Calculate the greatest common factor of f and 11.
11
Suppose 0 = 5*k - 5*l - 6936 - 2229, 0 = 2*k + 2*l - 3654. What is the greatest common divisor of 427 and k?
61
Let c = 526 - 224. Suppose w - 2*w - c = -4*v, 0 = -w + 2*v - 298. Let d = 411 + w. Calculate the greatest common divisor of d and 39.
39
Suppose 11513 = -6*d + 12833. Suppose 3*v - 46 = 14. Calculate the highest common divisor of v and d.
20
Suppose -4*z + v + 37 = -0*v, -23 = -3*z - 4*v. Let j be (-3512)/(-30) - ((-1)/35)/(192/(-448)). What is the greatest common divisor of z and j?
9
Suppose -11*g - 3186 = -15*g - 5*g. What is the greatest common divisor of g and 15?
3
Let t(h) = -4*h**3 - 2*h**2 - 16*h - 18. Let r be t(-3). Calculate the greatest common divisor of r and 220.
20
Let x be (-120)/9*-3 + -3. Let b = x + 8. Calculate the highest common divisor of 180 and b.
45
Suppose -28 = -5*s - 8, 5*s = -6*h + 3200. What is the highest common factor of h and 80?
10
Let t = 17188 + -16500. What is the greatest common factor of t and 602?
86
Suppose -3*g - 182 = -r + 53, 0 = 3*r - 2*g - 691. Let t = 317 - r. What is the highest common factor of t and 8?
8
Let l = -72 - -93. Let b(f) = -4*f**3 - 2*f**2 + 4. Let k be b(-2). Calculate the highest common factor of l and k.
7
Let r be (-2340)/270*(3 - 1917/6). Calculate the highest common divisor of r and 13.
13
Let r = -39 + 144. Let p = -215 - -250. Calculate the highest common factor of r and p.
35
Let l = 135 + -89. Let t(k) = -8*k - k**2 - 46 + l. Let s be t(-7). Calculate the greatest common factor of 1 and s.
1
Suppose 2*s - 9 = 17. Let l = 389 + -498. Let t = l + 174. Calculate the greatest common factor of s and t.
13
Let g be -2 + (121 + 2 - 2). Let i = -359 + 364. Suppose -4*v = -5*o - 68, 8*o = i*o. Calculate the highest common divisor of v and g.
17
Let r be 2/12 + (-204)/(-72). Suppose 6*t - 24 = -s + r*t, 2*s - 27 = t. What is the highest common factor of s and 5?
5
Let q = 3553 + -2945. Calculate the highest common factor of 209 and q.
19
Suppose t + o - 32 = -3, -3*o = 2*t - 61. Suppose -761 = -2*m + 4*n + 247, n + 2475 = 5*m. What is the greatest common divisor of t and m?
26
Let f be 11/(11/210) - -5. Let z = -83 + f. What is the greatest common factor of z and 24?
12
Suppose -4*n - 246 = -414. Let a be n + (2 - -4) - -3. What is the greatest common factor of 187 and a?
17
Let g = -103 + 145. Let u(w) = 2*w**3 - 6*w**2 + 22*w - 30. Let b be u(3). Calculate the highest common divisor of b and g.
6
Suppose -12714 = -1657*i + 7170. Let m = -287 + 635. Calculate the greatest common divisor of i and m.
12
Let o(w) = 18*w**2 + w - 2. Let l(z) = 13*z**3 - 2*z**2 + 1. Let j be l(-1). Let b = j + 15. Let r be o(b). What is the highest common divisor of 136 and r?
17
Suppose -14300 = 3271*d - 3315*d. Suppose 3*z = 8*z - 65. What is the greatest common divisor of z and d?
13
Suppose -4*q + 324 = -4*y, q + 4*y - 66 = -0*y. What is the greatest common divisor of 2769 and q?
39
Suppose -2*a - 4 = -3*a. Let g be -11 + 5752/48 + 5/(-6). What is the highest common divisor of g and a?
4
Let j = 2503 + -1543. What is the highest common factor of j and 180?
60
Let j be (-27)/72 - 12738/(-176). Suppose -21 + 3 = -y. What is the highest common factor of y and j?
18
Let b = -20322 - -24141. What is the greatest common factor of 76 and b?
19
Let t be -1*(-94)/(-4)*(-11 + 35 + -52). Calculate the highest common factor of t and 21.
7
Suppose h = -4*f + 29780, -21584 = -4*f - 5*h + 8180. Calculate the highest common factor of f and 51.
51
Suppose 4*n + 5*a = 611 + 237, 4*n = 3*a + 816. What is the greatest common factor of n and 92?
23
Suppose -5905*o = -5881*o - 360. What is the greatest common factor of o and 1695?
15
Let r(b) = b**3 - 17*b**2 + 42*b + 732. Let l be r(20). What is the greatest common divisor of 42 and l?
42
Suppose 2*w + 3*g - 688 = -g, -5*w - 4*g = -1738. What is the highest common factor of w and 210?
70
Suppose 2*y = 3*l + 114, -75*y + 3*l = -71*y - 204. What is the highest common divisor of 15660 and y?
45
Let g be 1*2 - 251/(-1). Let h(r) = r**2 - 5*r - 31. Let b be h(10). Suppose 0 = b*w - 18*w - 23. Calculate the highest common divisor of g and w.
23
Let a(p) = -79*p + 44. Let l be a(-4). What is the highest common factor of 510 and l?
30
Let v(g) = -g**3 + 13*g**2 - 2*g + 32. Let u be v(13). Let w be (-1 - (-351)/u) + 5/10. What is the greatest common factor of 145 and w?
29
Suppose 